{"id":856,"date":"2023-05-15T18:20:05","date_gmt":"2023-05-15T17:20:05","guid":{"rendered":"https:\/\/spfz.ch\/?post_type=tribe_events&#038;p=856"},"modified":"2023-05-19T07:10:44","modified_gmt":"2023-05-19T06:10:44","slug":"sommeranlass-2023","status":"publish","type":"tribe_events","link":"https:\/\/spfz.ch\/?tribe_events=sommeranlass-2023","title":{"rendered":"Sommeranlass 2023"},"content":{"rendered":"<div data-canvas-width=\"63.12112639999998\">Datum\/Zeit: Mittwoch, 14.06.2023, 19.00 Uhr<\/div>\n<div data-canvas-width=\"19.396838399999996\">Ort: Kantonsratsaal Luzern, Bahnhofstrasse 15, 6003 Luzern<\/div>\n<div data-canvas-width=\"342.63096319999994\">&nbsp;<\/div>\n<div data-canvas-width=\"342.63096319999994\">Sehr geehrte Damen und Herren, gesch\u00e4tzte Mitglieder des SPFZ<\/div>\n<div data-canvas-width=\"480.57178879999947\">&nbsp;<\/div>\n<div data-canvas-width=\"480.57178879999947\">Seit Putins Angriff auf die Ukraine steht auch die Neutralit\u00e4tspolitik der Schweiz in der Kritik. Ist das Prinzip der Neutralit\u00e4t respektive diese Politik noch zeitgem\u00e4ss? Oder braucht es Anpassungen, und wenn ja \u2013 welche? Solche Fragen will das SPFZ am Sommeranlass 2023 aufnehmen. Am Anfang steht ein Input-Referat des St.Galler Staatswissenschaftlers Christoph Frei,&nbsp;auf der Grundlage seiner Einf\u00fchrung werden wir diskutieren.<\/div>\n<div data-canvas-width=\"25.257753599999994\">&nbsp;<\/div>\n<div data-canvas-width=\"25.257753599999994\">18.30 Uhr Eintreffen, Registrierung<\/div>\n<div data-canvas-width=\"16.106519999999996\">19.00&nbsp;Uhr Begr\u00fcssung \/ Allgemeine Info durch Pr\u00e4sident SPFZ<\/div>\n<div data-canvas-width=\"16.106519999999996\">19.10 Uhr Ist die Neutralit\u00e4t der Schweiz noch aktuell? Referat von Prof Dr. Christoph Frei<\/div>\n<div data-canvas-width=\"52.317971199999995\">20.00 Uhr Fragen an den Referenten Plenum<\/div>\n<div data-canvas-width=\"16.106519999999996\">20.30 Uhr Offerierter Ap\u00e9roriche Lichthof Kantonsratsaal Luzern<\/div>\n<div data-canvas-width=\"16.106519999999996\">&nbsp;<\/div>\n<div data-canvas-width=\"16.106519999999996\">Gerne bitten wir aus organisatorischen Gr\u00fcnden um eine Anmeldung bis zum 10. Juni 2023 via Homepage (spfz.ch) oder via QR Code.<\/div>\n<div data-canvas-width=\"256.3220096\">&nbsp;<\/div>\n<div data-canvas-width=\"256.3220096\">F\u00fcr Mitglieder des SPFZ ist der Anlass kostenlos, Nichtmitglieder bezahlen einen Unkostenbeitrag von Sfr. 20.00 (bar vor Ort oder Twint).<\/div>\n<div data-canvas-width=\"256.3220096\">&nbsp;<\/div>\n<div data-canvas-width=\"35.467839999999995\">Es hat gen\u00fcgend Parkpl\u00e4tze im Raum Bahnhof. Reisende, die den \u00d6V benutzen, steigen beim Hauptbahn Luzern aus.<\/div>\n<div data-canvas-width=\"205.57392639999995\">&nbsp;<\/div>\n<div data-canvas-width=\"205.57392639999995\">Wir freuen uns auf Ihre Anmeldung und w\u00fcnschen Ihnen eine gute Zeit.<\/div>\n<div data-canvas-width=\"228.5873216\">&nbsp;<\/div>\n<div data-canvas-width=\"228.5873216\">Sicherheitspolitisches Forum Zentralschweiz<\/div>\n<div data-canvas-width=\"35.4562112\">Martin R. Zemp<\/div>\n<div data-canvas-width=\"46.7841792\">Pr\u00e4sident<\/div>\n<div data-canvas-width=\"46.7841792\">&nbsp;<\/div>\n<div data-canvas-width=\"46.7841792\"><a href=\"https:\/\/spfz.ch\/wp-content\/uploads\/2023\/05\/Einladungsschreiben_Sommeranlass_2023_Email.pdf\">PDF Einladung<\/a><\/div>\n","protected":false},"excerpt":{"rendered":"<p>Datum\/Zeit: Mittwoch, 14.06.2023, 19.00 Uhr Ort: Kantonsratsaal Luzern, Bahnhofstrasse 15, 6003 Luzern &nbsp; Sehr geehrte Damen und Herren, gesch\u00e4tzte Mitglieder des SPFZ &nbsp; Seit Putins Angriff auf die Ukraine steht [&hellip;]<\/p>\n","protected":false},"author":1,"featured_media":0,"template":"","meta":{"_uag_custom_page_level_css":"","ngg_post_thumbnail":0,"_price":"","_stock":"","_tribe_ticket_header":"","_tribe_default_ticket_provider":"","_ticket_start_date":"","_ticket_end_date":"","_tribe_ticket_show_description":"","_tribe_ticket_show_not_going":false,"_tribe_ticket_use_global_stock":"","_tribe_ticket_global_stock_level":"","_global_stock_mode":"","_global_stock_cap":"","_tribe_rsvp_for_event":"","_tribe_ticket_going_count":"","_tribe_ticket_not_going_count":"","_tribe_tickets_list":"[]","_tribe_ticket_has_attendee_info_fields":false,"_tribe_events_status":"","_tribe_events_status_reason":"","footnotes":"","_tec_slr_enabled":"","_tec_slr_layout":""},"tags":[],"tribe_events_cat":[],"class_list":["post-856","tribe_events","type-tribe_events","status-publish","hentry"],"uagb_featured_image_src":{"full":false,"thumbnail":false,"medium":false,"medium_large":false,"large":false,"1536x1536":false,"2048x2048":false,"post-thumbnail":false},"uagb_author_info":{"display_name":"admin","author_link":"https:\/\/spfz.ch\/?author=1"},"uagb_comment_info":0,"uagb_excerpt":"Datum\/Zeit: Mittwoch, 14.06.2023, 19.00 Uhr Ort: Kantonsratsaal Luzern, Bahnhofstrasse 15, 6003 Luzern &nbsp; Sehr geehrte Damen und Herren, gesch\u00e4tzte Mitglieder des SPFZ &nbsp; Seit Putins Angriff auf die Ukraine steht [&hellip;]","ticketed":false,"_links":{"self":[{"href":"https:\/\/spfz.ch\/index.php?rest_route=\/wp\/v2\/tribe_events\/856","targetHints":{"allow":["GET"]}}],"collection":[{"href":"https:\/\/spfz.ch\/index.php?rest_route=\/wp\/v2\/tribe_events"}],"about":[{"href":"https:\/\/spfz.ch\/index.php?rest_route=\/wp\/v2\/types\/tribe_events"}],"author":[{"embeddable":true,"href":"https:\/\/spfz.ch\/index.php?rest_route=\/wp\/v2\/users\/1"}],"version-history":[{"count":3,"href":"https:\/\/spfz.ch\/index.php?rest_route=\/wp\/v2\/tribe_events\/856\/revisions"}],"predecessor-version":[{"id":864,"href":"https:\/\/spfz.ch\/index.php?rest_route=\/wp\/v2\/tribe_events\/856\/revisions\/864"}],"wp:attachment":[{"href":"https:\/\/spfz.ch\/index.php?rest_route=%2Fwp%2Fv2%2Fmedia&parent=856"}],"wp:term":[{"taxonomy":"post_tag","embeddable":true,"href":"https:\/\/spfz.ch\/index.php?rest_route=%2Fwp%2Fv2%2Ftags&post=856"},{"taxonomy":"tribe_events_cat","embeddable":true,"href":"https:\/\/spfz.ch\/index.php?rest_route=%2Fwp%2Fv2%2Ftribe_events_cat&post=856"}],"curies":[{"name":"wp","href":"https:\/\/api.w.org\/{rel}","templated":true}]}}

<div data-canvas-width="63.12112639999998">Datum/Zeit: Mittwoch, 14.06.2023, 19.00 Uhr</div>
<div data-canvas-width="19.396838399999996">Ort: Kantonsratsaal Luzern, Bahnhofstrasse 15, 6003 Luzern</div>
<div data-canvas-width="342.63096319999994">&nbsp;</div>
<div data-canvas-width="342.63096319999994">Sehr geehrte Damen und Herren, geschätzte Mitglieder des SPFZ</div>
<div data-canvas-width="480.57178879999947">&nbsp;</div>
<div data-canvas-width="480.57178879999947">Seit Putins Angriff auf die Ukraine steht auch die Neutralitätspolitik der Schweiz in der Kritik. Ist das Prinzip der Neutralität respektive diese Politik noch zeitgemäss? Oder braucht es Anpassungen, und wenn ja – welche? Solche Fragen will das SPFZ am Sommeranlass 2023 aufnehmen. Am Anfang steht ein Input-Referat des St.Galler Staatswissenschaftlers Christoph Frei,&nbsp;auf der Grundlage seiner Einführung werden wir diskutieren.</div>
<div data-canvas-width="25.257753599999994">&nbsp;</div>
<div data-canvas-width="25.257753599999994">18.30 Uhr Eintreffen, Registrierung</div>
<div data-canvas-width="16.106519999999996">19.00&nbsp;Uhr Begrüssung / Allgemeine Info durch Präsident SPFZ</div>
<div data-canvas-width="16.106519999999996">19.10 Uhr Ist die Neutralität der Schweiz noch aktuell? Referat von Prof Dr. Christoph Frei</div>
<div data-canvas-width="52.317971199999995">20.00 Uhr Fragen an den Referenten Plenum</div>
<div data-canvas-width="16.106519999999996">20.30 Uhr Offerierter Apéroriche Lichthof Kantonsratsaal Luzern</div>
<div data-canvas-width="16.106519999999996">&nbsp;</div>
<div data-canvas-width="16.106519999999996">Gerne bitten wir aus organisatorischen Gründen um eine Anmeldung bis zum 10. Juni 2023 via Homepage (spfz.ch) oder via QR Code.</div>
<div data-canvas-width="256.3220096">&nbsp;</div>
<div data-canvas-width="256.3220096">Für Mitglieder des SPFZ ist der Anlass kostenlos, Nichtmitglieder bezahlen einen Unkostenbeitrag von Sfr. 20.00 (bar vor Ort oder Twint).</div>
<div data-canvas-width="256.3220096">&nbsp;</div>
<div data-canvas-width="35.467839999999995">Es hat genügend Parkplätze im Raum Bahnhof. Reisende, die den ÖV benutzen, steigen beim Hauptbahn Luzern aus.</div>
<div data-canvas-width="205.57392639999995">&nbsp;</div>
<div data-canvas-width="205.57392639999995">Wir freuen uns auf Ihre Anmeldung und wünschen Ihnen eine gute Zeit.</div>
<div data-canvas-width="228.5873216">&nbsp;</div>
<div data-canvas-width="228.5873216">Sicherheitspolitisches Forum Zentralschweiz</div>
<div data-canvas-width="35.4562112">Martin R. Zemp</div>
<div data-canvas-width="46.7841792">Präsident</div>
<div data-canvas-width="46.7841792">&nbsp;</div>
<div data-canvas-width="46.7841792"><a href="https://spfz.ch/wp-content/uploads/2023/05/Einladungsschreiben_Sommeranlass_2023_Email.pdf">PDF Einladung</a></div>

<p>Datum/Zeit: Mittwoch, 14.06.2023, 19.00 Uhr Ort: Kantonsratsaal Luzern, Bahnhofstrasse 15, 6003 Luzern &nbsp; Sehr geehrte Damen und Herren, geschätzte Mitglieder des SPFZ &nbsp; Seit Putins Angriff auf die Ukraine steht [&hellip;]</p>

Datum/Zeit: Mittwoch, 14.06.2023, 19.00 Uhr Ort: Kantonsratsaal Luzern, Bahnhofstrasse 15, 6003 Luzern &nbsp; Sehr geehrte Damen und Herren, geschätzte Mitglieder des SPFZ &nbsp; Seit Putins Angriff auf die Ukraine steht [&hellip;]
