{"id":564,"date":"2022-11-21T00:00:00","date_gmt":"2021-11-23T08:07:59","guid":{"rendered":"https:\/\/spfz.ch\/?post_type=tribe_events&#038;p=564"},"modified":"2022-11-07T12:39:42","modified_gmt":"2022-11-07T11:39:42","slug":"gv-2022","status":"publish","type":"tribe_events","link":"https:\/\/spfz.ch\/?tribe_events=gv-2022","title":{"rendered":"Generalversammlung 2022 des SPFZ"},"content":{"rendered":"<p>Meggen, 30.10.2022<\/p>\n<h2>Einladung zur 28. Generalversammlung des SPFZ<\/h2>\n<h4>Datum\/Zeit: 28.11.2022, 18.15 Uhr I Ort: Seehotel Waldst\u00e4tterhof Brunnen<\/h4>\n<h4>Sehr geehrte Damen und Herren Mitglieder des SPFZ<\/h4>\n<h4>Ein goldiger und wundersch\u00f6ner Herbst neigt sich allm\u00e4hlich dem Ende entgegen. Wir hoffen es geht Ihnen gut und Sie sind bei robuster Gesundheit. Gerne laden wir Sie gem\u00e4ss Statuten zur 28. Generalversammlung ein.<\/h4>\n<h4>Programm<br \/>\nAb 17.30 Uhr Eintreffen, Begr\u00fcssungsgetr\u00e4nk<br \/>\n18.15 Uhr Generalversammlung<br \/>\n1. Protokoll der 27. Generalversammlung<br \/>\n2. Jahresbericht 21\/22<br \/>\n3. Jahresrechnung 21\/22, Revisorenbericht, Abstimmung, D\u00e9charge Vorstand<br \/>\n4. Jahresbudget 22\/23, Mitgliederbeitrag 22\/23, Abstimmung<br \/>\n5. Verabschiedungen und Verdankungen<br \/>\n6. Wahlen (neues Vorstandsmitglied, Vorstand, Rechnungsrevisoren) 7. Ausblick<br \/>\n8. Antr\u00e4ge<br \/>\n9. Verschiedenes<br \/>\n19.15 Uhr Vortrag VICTORINOX durch den CEO \u2013 Herr Carl Elsener<br \/>\n20.00 Uhr Offerierter Ap\u00e9ro<\/h4>\n<h4>Wir bitten Sie, allf\u00e4llige Antr\u00e4ge bis am Mittwoch, 23. November 2022, schriftlich (E-Mail) beim Pr\u00e4sidenten einzureichen. Gerne bitten wir um eine Anmeldung, damit wir f\u00fcr Sie einen Platz sowie gen\u00fcgende An-zahl Ap\u00e9ro-H\u00e4ppchen bereitstellen k\u00f6nnen. Anmelden k\u00f6nnen Sie sich bis am 23. November 2022 via Homepage resp QRC. Parkpl\u00e4tze sind vorhanden. Zurzeit gibt es keine pandemischen Auflagen. Sollte sich die COVID19 Situation erheblich \u00e4ndern, werden wir Sie umgehend \u00fcber die weiteren Massnahmen orientieren.<\/h4>\n<h4>Wir freuen uns auf Ihre Anmeldung und verbleiben mit den besten Herbstgr\u00fcssen. Bleiben Sie gesund.<\/h4>\n<h4>Sicherheitspolitisches Forum Zentralschweiz<br \/>\nMartin R. Zemp<br \/>\nPr\u00e4sident<\/h4>\n<p>&nbsp;<\/p>\n<p><a href=\"https:\/\/spfz.ch\/wp-content\/uploads\/2022\/11\/Einladung_GV_2022.pdf\">PDF<\/a><\/p>\n","protected":false},"excerpt":{"rendered":"<p>Meggen, 30.10.2022 Einladung zur 28. Generalversammlung des SPFZ Datum\/Zeit: 28.11.2022, 18.15 Uhr I Ort: Seehotel Waldst\u00e4tterhof Brunnen Sehr geehrte Damen und Herren Mitglieder des SPFZ Ein goldiger und wundersch\u00f6ner Herbst [&hellip;]<\/p>\n","protected":false},"author":1,"featured_media":0,"template":"","meta":{"_uag_custom_page_level_css":"","ngg_post_thumbnail":0,"_price":"","_stock":"","_tribe_ticket_header":"","_tribe_default_ticket_provider":"","_ticket_start_date":"","_ticket_end_date":"","_tribe_ticket_show_description":"","_tribe_ticket_show_not_going":false,"_tribe_ticket_use_global_stock":"","_tribe_ticket_global_stock_level":"","_global_stock_mode":"","_global_stock_cap":"","_tribe_rsvp_for_event":"","_tribe_ticket_going_count":"","_tribe_ticket_not_going_count":"","_tribe_tickets_list":"[]","_tribe_ticket_has_attendee_info_fields":false,"_tribe_events_status":"","_tribe_events_status_reason":"","footnotes":"","_tec_slr_enabled":"","_tec_slr_layout":""},"tags":[],"tribe_events_cat":[],"class_list":["post-564","tribe_events","type-tribe_events","status-publish","hentry"],"uagb_featured_image_src":{"full":false,"thumbnail":false,"medium":false,"medium_large":false,"large":false,"1536x1536":false,"2048x2048":false,"post-thumbnail":false},"uagb_author_info":{"display_name":"admin","author_link":"https:\/\/spfz.ch\/?author=1"},"uagb_comment_info":0,"uagb_excerpt":"Meggen, 30.10.2022 Einladung zur 28. Generalversammlung des SPFZ Datum\/Zeit: 28.11.2022, 18.15 Uhr I Ort: Seehotel Waldst\u00e4tterhof Brunnen Sehr geehrte Damen und Herren Mitglieder des SPFZ Ein goldiger und wundersch\u00f6ner Herbst [&hellip;]","ticketed":false,"_links":{"self":[{"href":"https:\/\/spfz.ch\/index.php?rest_route=\/wp\/v2\/tribe_events\/564","targetHints":{"allow":["GET"]}}],"collection":[{"href":"https:\/\/spfz.ch\/index.php?rest_route=\/wp\/v2\/tribe_events"}],"about":[{"href":"https:\/\/spfz.ch\/index.php?rest_route=\/wp\/v2\/types\/tribe_events"}],"author":[{"embeddable":true,"href":"https:\/\/spfz.ch\/index.php?rest_route=\/wp\/v2\/users\/1"}],"version-history":[{"count":5,"href":"https:\/\/spfz.ch\/index.php?rest_route=\/wp\/v2\/tribe_events\/564\/revisions"}],"predecessor-version":[{"id":757,"href":"https:\/\/spfz.ch\/index.php?rest_route=\/wp\/v2\/tribe_events\/564\/revisions\/757"}],"wp:attachment":[{"href":"https:\/\/spfz.ch\/index.php?rest_route=%2Fwp%2Fv2%2Fmedia&parent=564"}],"wp:term":[{"taxonomy":"post_tag","embeddable":true,"href":"https:\/\/spfz.ch\/index.php?rest_route=%2Fwp%2Fv2%2Ftags&post=564"},{"taxonomy":"tribe_events_cat","embeddable":true,"href":"https:\/\/spfz.ch\/index.php?rest_route=%2Fwp%2Fv2%2Ftribe_events_cat&post=564"}],"curies":[{"name":"wp","href":"https:\/\/api.w.org\/{rel}","templated":true}]}}

<p>Meggen, 30.10.2022</p>
<h2>Einladung zur 28. Generalversammlung des SPFZ</h2>
<h4>Datum/Zeit: 28.11.2022, 18.15 Uhr I Ort: Seehotel Waldstätterhof Brunnen</h4>
<h4>Sehr geehrte Damen und Herren Mitglieder des SPFZ</h4>
<h4>Ein goldiger und wunderschöner Herbst neigt sich allmählich dem Ende entgegen. Wir hoffen es geht Ihnen gut und Sie sind bei robuster Gesundheit. Gerne laden wir Sie gemäss Statuten zur 28. Generalversammlung ein.</h4>
<h4>Programm<br />
Ab 17.30 Uhr Eintreffen, Begrüssungsgetränk<br />
18.15 Uhr Generalversammlung<br />
1. Protokoll der 27. Generalversammlung<br />
2. Jahresbericht 21/22<br />
3. Jahresrechnung 21/22, Revisorenbericht, Abstimmung, Décharge Vorstand<br />
4. Jahresbudget 22/23, Mitgliederbeitrag 22/23, Abstimmung<br />
5. Verabschiedungen und Verdankungen<br />
6. Wahlen (neues Vorstandsmitglied, Vorstand, Rechnungsrevisoren) 7. Ausblick<br />
8. Anträge<br />
9. Verschiedenes<br />
19.15 Uhr Vortrag VICTORINOX durch den CEO – Herr Carl Elsener<br />
20.00 Uhr Offerierter Apéro</h4>
<h4>Wir bitten Sie, allfällige Anträge bis am Mittwoch, 23. November 2022, schriftlich (E-Mail) beim Präsidenten einzureichen. Gerne bitten wir um eine Anmeldung, damit wir für Sie einen Platz sowie genügende An-zahl Apéro-Häppchen bereitstellen können. Anmelden können Sie sich bis am 23. November 2022 via Homepage resp QRC. Parkplätze sind vorhanden. Zurzeit gibt es keine pandemischen Auflagen. Sollte sich die COVID19 Situation erheblich ändern, werden wir Sie umgehend über die weiteren Massnahmen orientieren.</h4>
<h4>Wir freuen uns auf Ihre Anmeldung und verbleiben mit den besten Herbstgrüssen. Bleiben Sie gesund.</h4>
<h4>Sicherheitspolitisches Forum Zentralschweiz<br />
Martin R. Zemp<br />
Präsident</h4>
<p>&nbsp;</p>
<p><a href="https://spfz.ch/wp-content/uploads/2022/11/Einladung_GV_2022.pdf">PDF</a></p>

<p>Meggen, 30.10.2022 Einladung zur 28. Generalversammlung des SPFZ Datum/Zeit: 28.11.2022, 18.15 Uhr I Ort: Seehotel Waldstätterhof Brunnen Sehr geehrte Damen und Herren Mitglieder des SPFZ Ein goldiger und wunderschöner Herbst [&hellip;]</p>

Meggen, 30.10.2022 Einladung zur 28. Generalversammlung des SPFZ Datum/Zeit: 28.11.2022, 18.15 Uhr I Ort: Seehotel Waldstätterhof Brunnen Sehr geehrte Damen und Herren Mitglieder des SPFZ Ein goldiger und wunderschöner Herbst [&hellip;]
