{"id":562,"date":"2022-09-19T19:00:00","date_gmt":"2021-11-23T08:07:22","guid":{"rendered":"https:\/\/spfz.ch\/?post_type=tribe_events&#038;p=562"},"modified":"2022-09-15T14:39:31","modified_gmt":"2022-09-15T13:39:31","slug":"herbstanlass","status":"publish","type":"tribe_events","link":"https:\/\/spfz.ch\/?tribe_events=herbstanlass","title":{"rendered":"Herbstanlass 2022 des SPFZ"},"content":{"rendered":"<h2>Datum\/Zeit: 19.09.2022, 19.00 Uhr<br \/>\nOrt: Flugplatz EMMEN, Halle 4, R\u00fceggiswilstrasse, 6032 Emmen<\/h2>\n<p>Sehr geehrte Damen und Herren, gesch\u00e4tzte Mitglieder des SPFZ<\/p>\n<p>Nach dem interessanten Vortrag zum Ukraine-Konflikt fokussieren wir uns auf die eigene all-gemeine Sicherheitslage der Schweiz. \u00dcber die Luftverteidigung der Zukunft, insbesondere den neuen Kampfjet, wird seit mehreren Monaten kontrovers diskutiert. Wir laden Sie zum Thema Luftverteidigung der Zukunft \u2013 Fokus F-35A auf dem Flugplatz Emmen zum Herbst-anlass 2022 ein (Treffpunkt Halle 4 siehe R\u00fcckseite). Es ist uns eine grosse Freude und Ehre, dass der Kommandant der Schweizer Luftwaffe, Division\u00e4r Peter &#8222;Pablo&#8220; Merz, Kommandant Luftwaffe, pers\u00f6nlich das Referat halten wird und sich anschliessend f\u00fcr Frage zur Verf\u00fcgung stellt.<\/p>\n<p>Anbei das Programm:<\/p>\n<p><strong>Ab 18.30<\/strong><br \/>\nUhr Eintreffen, Registrierung<br \/>\n<strong>19.00 Uhr<\/strong><br \/>\nBegr\u00fcssung \/ Allgemeine<br \/>\nInfo Pr\u00e4sident SPFZ<br \/>\n<strong>19.10 Uhr<\/strong><br \/>\nVortrag Luftverteidigung der Zukunft \u2013 Fokus F-35A<br \/>\nDivision\u00e4r Peter &#8222;Pablo&#8220; Merz, Kommandant Luftwaffe<br \/>\n<strong>20.00 Uhr<\/strong><br \/>\nFragen an den Kommandanten<br \/>\nPlenum<br \/>\n<strong>20.30 Uhr<\/strong><br \/>\nAp\u00e9ro<br \/>\nHalle 4<\/p>\n<p>Gerne bitten wir aus organisatorischen Gr\u00fcnden um eine Anmeldung bis zum 15. September 2022 via Homepage www.spfz.ch. Der Anlass ist kostenlos und Parkpl\u00e4tze sind vorhanden. Achtung: Keinen direkten \u00d6V Anschluss \u2013 Fussmarsch von Haltestelle Kaserne ca 15 Minuten.<br \/>\nWir freuen uns auf Ihre Anmeldung und verbleiben mit den besten Sommergr\u00fcssen.<br \/>\nSicherheitspolitisches Forum Zentralschweiz<\/p>\n<p>Martin R. Zemp<br \/>\nPr\u00e4sident<\/p>\n","protected":false},"excerpt":{"rendered":"<p>Datum\/Zeit: 19.09.2022, 19.00 Uhr Ort: Flugplatz EMMEN, Halle 4, R\u00fceggiswilstrasse, 6032 Emmen Sehr geehrte Damen und Herren, gesch\u00e4tzte Mitglieder des SPFZ Nach dem interessanten Vortrag zum Ukraine-Konflikt fokussieren wir uns [&hellip;]<\/p>\n","protected":false},"author":1,"featured_media":0,"template":"","meta":{"_uag_custom_page_level_css":"","ngg_post_thumbnail":0,"_price":"","_stock":"","_tribe_ticket_header":"","_tribe_default_ticket_provider":"","_ticket_start_date":"","_ticket_end_date":"","_tribe_ticket_show_description":"","_tribe_ticket_show_not_going":false,"_tribe_ticket_use_global_stock":"","_tribe_ticket_global_stock_level":"","_global_stock_mode":"","_global_stock_cap":"","_tribe_rsvp_for_event":"","_tribe_ticket_going_count":"","_tribe_ticket_not_going_count":"","_tribe_tickets_list":"[]","_tribe_ticket_has_attendee_info_fields":false,"_tribe_events_status":"","_tribe_events_status_reason":"","footnotes":"","_tec_slr_enabled":"","_tec_slr_layout":""},"tags":[],"tribe_events_cat":[],"class_list":["post-562","tribe_events","type-tribe_events","status-publish","hentry"],"uagb_featured_image_src":{"full":false,"thumbnail":false,"medium":false,"medium_large":false,"large":false,"1536x1536":false,"2048x2048":false,"post-thumbnail":false},"uagb_author_info":{"display_name":"admin","author_link":"https:\/\/spfz.ch\/?author=1"},"uagb_comment_info":0,"uagb_excerpt":"Datum\/Zeit: 19.09.2022, 19.00 Uhr Ort: Flugplatz EMMEN, Halle 4, R\u00fceggiswilstrasse, 6032 Emmen Sehr geehrte Damen und Herren, gesch\u00e4tzte Mitglieder des SPFZ Nach dem interessanten Vortrag zum Ukraine-Konflikt fokussieren wir uns [&hellip;]","ticketed":false,"_links":{"self":[{"href":"https:\/\/spfz.ch\/index.php?rest_route=\/wp\/v2\/tribe_events\/562","targetHints":{"allow":["GET"]}}],"collection":[{"href":"https:\/\/spfz.ch\/index.php?rest_route=\/wp\/v2\/tribe_events"}],"about":[{"href":"https:\/\/spfz.ch\/index.php?rest_route=\/wp\/v2\/types\/tribe_events"}],"author":[{"embeddable":true,"href":"https:\/\/spfz.ch\/index.php?rest_route=\/wp\/v2\/users\/1"}],"version-history":[{"count":7,"href":"https:\/\/spfz.ch\/index.php?rest_route=\/wp\/v2\/tribe_events\/562\/revisions"}],"predecessor-version":[{"id":715,"href":"https:\/\/spfz.ch\/index.php?rest_route=\/wp\/v2\/tribe_events\/562\/revisions\/715"}],"wp:attachment":[{"href":"https:\/\/spfz.ch\/index.php?rest_route=%2Fwp%2Fv2%2Fmedia&parent=562"}],"wp:term":[{"taxonomy":"post_tag","embeddable":true,"href":"https:\/\/spfz.ch\/index.php?rest_route=%2Fwp%2Fv2%2Ftags&post=562"},{"taxonomy":"tribe_events_cat","embeddable":true,"href":"https:\/\/spfz.ch\/index.php?rest_route=%2Fwp%2Fv2%2Ftribe_events_cat&post=562"}],"curies":[{"name":"wp","href":"https:\/\/api.w.org\/{rel}","templated":true}]}}

<h2>Datum/Zeit: 19.09.2022, 19.00 Uhr<br />
Ort: Flugplatz EMMEN, Halle 4, Rüeggiswilstrasse, 6032 Emmen</h2>
<p>Sehr geehrte Damen und Herren, geschätzte Mitglieder des SPFZ</p>
<p>Nach dem interessanten Vortrag zum Ukraine-Konflikt fokussieren wir uns auf die eigene all-gemeine Sicherheitslage der Schweiz. Über die Luftverteidigung der Zukunft, insbesondere den neuen Kampfjet, wird seit mehreren Monaten kontrovers diskutiert. Wir laden Sie zum Thema Luftverteidigung der Zukunft – Fokus F-35A auf dem Flugplatz Emmen zum Herbst-anlass 2022 ein (Treffpunkt Halle 4 siehe Rückseite). Es ist uns eine grosse Freude und Ehre, dass der Kommandant der Schweizer Luftwaffe, Divisionär Peter &#8222;Pablo&#8220; Merz, Kommandant Luftwaffe, persönlich das Referat halten wird und sich anschliessend für Frage zur Verfügung stellt.</p>
<p>Anbei das Programm:</p>
<p><strong>Ab 18.30</strong><br />
Uhr Eintreffen, Registrierung<br />
<strong>19.00 Uhr</strong><br />
Begrüssung / Allgemeine<br />
Info Präsident SPFZ<br />
<strong>19.10 Uhr</strong><br />
Vortrag Luftverteidigung der Zukunft – Fokus F-35A<br />
Divisionär Peter &#8222;Pablo&#8220; Merz, Kommandant Luftwaffe<br />
<strong>20.00 Uhr</strong><br />
Fragen an den Kommandanten<br />
Plenum<br />
<strong>20.30 Uhr</strong><br />
Apéro<br />
Halle 4</p>
<p>Gerne bitten wir aus organisatorischen Gründen um eine Anmeldung bis zum 15. September 2022 via Homepage www.spfz.ch. Der Anlass ist kostenlos und Parkplätze sind vorhanden. Achtung: Keinen direkten ÖV Anschluss – Fussmarsch von Haltestelle Kaserne ca 15 Minuten.<br />
Wir freuen uns auf Ihre Anmeldung und verbleiben mit den besten Sommergrüssen.<br />
Sicherheitspolitisches Forum Zentralschweiz</p>
<p>Martin R. Zemp<br />
Präsident</p>

<p>Datum/Zeit: 19.09.2022, 19.00 Uhr Ort: Flugplatz EMMEN, Halle 4, Rüeggiswilstrasse, 6032 Emmen Sehr geehrte Damen und Herren, geschätzte Mitglieder des SPFZ Nach dem interessanten Vortrag zum Ukraine-Konflikt fokussieren wir uns [&hellip;]</p>

Datum/Zeit: 19.09.2022, 19.00 Uhr Ort: Flugplatz EMMEN, Halle 4, Rüeggiswilstrasse, 6032 Emmen Sehr geehrte Damen und Herren, geschätzte Mitglieder des SPFZ Nach dem interessanten Vortrag zum Ukraine-Konflikt fokussieren wir uns [&hellip;]
