{"id":1282,"date":"2025-10-01T20:22:10","date_gmt":"2025-10-01T19:22:10","guid":{"rendered":"https:\/\/spfz.ch\/?post_type=tribe_events&#038;p=1282"},"modified":"2025-10-01T20:30:28","modified_gmt":"2025-10-01T19:30:28","slug":"gv-spfz-2025","status":"publish","type":"tribe_events","link":"https:\/\/spfz.ch\/?tribe_events=gv-spfz-2025","title":{"rendered":"GV SPFZ 2025"},"content":{"rendered":"<table cellspacing=\"0\" cellpadding=\"0\">\n<tbody>\n<tr>\n<td>\n<div>\n<p>Am 06. November findet zum Abschluss des Vereinsjahr 2025 die 31. Generalversammlung (GV) statt. Nach der GV wird uns der Chef der Armee, KKdt Thomas S\u00fcssli mit dem Referat &#8222;Glaubw\u00fcrdig verteidigen&#8220; beehren.<\/p>\n<p>Um den Apero quantitativ und qualitativ sicherzustellen, ben\u00f6tigen wir Ihre gesch\u00e4tzte Anmeldung. Wir bitten Sie, die Anmeldung via QR Code respektiv direkt via Homepage&nbsp;<a href=\"http:\/\/www.spfz.ch\/\" target=\"_blank\" rel=\"noopener\">www.spfz.ch<\/a>&nbsp;oder via E-Mail zu t\u00e4tigen. Vielen herzlichen Dank daf\u00fcr. Alle weiteren Infos finden Sie in der Einladung.<\/p>\n<p>Im Namen des Vorstandes w\u00fcnsche ich Ihnen einen erfolgreichen Start in den Oktober und freuen uns, Sie am 06.11.2025 im AAL begr\u00fcssen zu d\u00fcrfen.<\/p>\n<p>Bis auf bald und bleiben Sie gesund.<\/p>\n<\/div>\n<\/td>\n<\/tr>\n<tr>\n<td><strong>Anh\u00e4nge:<\/strong><\/p>\n<ul>\n<li><a href=\"https:\/\/mein.fairgate.ch\/spfz\/files\/filemanager\/download\/attachment\/94ed6a41b9426f556bf0c6e1b5b11434\" target=\"_blank\" rel=\"noopener\">Einladungsschreiben_31.-GV-2025_Final.pdf<\/a><\/li>\n<\/ul>\n<p><strong>Anmeldung<\/strong><\/p>\n<ul>\n<li><a href=\"https:\/\/eventfrog.ch\/de\/p\/diverses\/31-generalversammlung-des-spfz-7378433630752741051.html\">Anmeldung GV SPFZ in Luzern<\/a><\/li>\n<\/ul>\n<\/td>\n<\/tr>\n<tr>\n<td>Sicherheitspolitisches&nbsp;Forum Zentralschweiz (SPFZ)<\/p>\n<p>Martin Zemp, Pr\u00e4sident<\/td>\n<\/tr>\n<\/tbody>\n<\/table>\n","protected":false},"excerpt":{"rendered":"<p>Am 06. November findet zum Abschluss des Vereinsjahr 2025 die 31. Generalversammlung (GV) statt. Nach der GV wird uns der Chef der Armee, KKdt Thomas S\u00fcssli mit dem Referat &#8222;Glaubw\u00fcrdig [&hellip;]<\/p>\n","protected":false},"author":1,"featured_media":0,"template":"","meta":{"_uag_custom_page_level_css":"","ngg_post_thumbnail":0,"_price":"","_stock":"","_tribe_ticket_header":"","_tribe_default_ticket_provider":"","_ticket_start_date":"","_ticket_end_date":"","_tribe_ticket_show_description":"","_tribe_ticket_show_not_going":false,"_tribe_ticket_use_global_stock":"","_tribe_ticket_global_stock_level":"","_global_stock_mode":"","_global_stock_cap":"","_tribe_rsvp_for_event":"","_tribe_ticket_going_count":"","_tribe_ticket_not_going_count":"","_tribe_tickets_list":"[]","_tribe_ticket_has_attendee_info_fields":false,"_tribe_events_status":"","_tribe_events_status_reason":"","footnotes":"","_tec_slr_enabled":"","_tec_slr_layout":""},"tags":[],"tribe_events_cat":[],"class_list":["post-1282","tribe_events","type-tribe_events","status-publish","hentry"],"uagb_featured_image_src":{"full":false,"thumbnail":false,"medium":false,"medium_large":false,"large":false,"1536x1536":false,"2048x2048":false,"post-thumbnail":false},"uagb_author_info":{"display_name":"admin","author_link":"https:\/\/spfz.ch\/?author=1"},"uagb_comment_info":0,"uagb_excerpt":"Am 06. November findet zum Abschluss des Vereinsjahr 2025 die 31. Generalversammlung (GV) statt. Nach der GV wird uns der Chef der Armee, KKdt Thomas S\u00fcssli mit dem Referat &#8222;Glaubw\u00fcrdig [&hellip;]","ticketed":false,"_links":{"self":[{"href":"https:\/\/spfz.ch\/index.php?rest_route=\/wp\/v2\/tribe_events\/1282","targetHints":{"allow":["GET"]}}],"collection":[{"href":"https:\/\/spfz.ch\/index.php?rest_route=\/wp\/v2\/tribe_events"}],"about":[{"href":"https:\/\/spfz.ch\/index.php?rest_route=\/wp\/v2\/types\/tribe_events"}],"author":[{"embeddable":true,"href":"https:\/\/spfz.ch\/index.php?rest_route=\/wp\/v2\/users\/1"}],"version-history":[{"count":2,"href":"https:\/\/spfz.ch\/index.php?rest_route=\/wp\/v2\/tribe_events\/1282\/revisions"}],"predecessor-version":[{"id":1285,"href":"https:\/\/spfz.ch\/index.php?rest_route=\/wp\/v2\/tribe_events\/1282\/revisions\/1285"}],"wp:attachment":[{"href":"https:\/\/spfz.ch\/index.php?rest_route=%2Fwp%2Fv2%2Fmedia&parent=1282"}],"wp:term":[{"taxonomy":"post_tag","embeddable":true,"href":"https:\/\/spfz.ch\/index.php?rest_route=%2Fwp%2Fv2%2Ftags&post=1282"},{"taxonomy":"tribe_events_cat","embeddable":true,"href":"https:\/\/spfz.ch\/index.php?rest_route=%2Fwp%2Fv2%2Ftribe_events_cat&post=1282"}],"curies":[{"name":"wp","href":"https:\/\/api.w.org\/{rel}","templated":true}]}}

<table cellspacing="0" cellpadding="0">
<tbody>
<tr>
<td>
<div>
<p>Am 06. November findet zum Abschluss des Vereinsjahr 2025 die 31. Generalversammlung (GV) statt. Nach der GV wird uns der Chef der Armee, KKdt Thomas Süssli mit dem Referat &#8222;Glaubwürdig verteidigen&#8220; beehren.</p>
<p>Um den Apero quantitativ und qualitativ sicherzustellen, benötigen wir Ihre geschätzte Anmeldung. Wir bitten Sie, die Anmeldung via QR Code respektiv direkt via Homepage&nbsp;<a href="http://www.spfz.ch/" target="_blank" rel="noopener">www.spfz.ch</a>&nbsp;oder via E-Mail zu tätigen. Vielen herzlichen Dank dafür. Alle weiteren Infos finden Sie in der Einladung.</p>
<p>Im Namen des Vorstandes wünsche ich Ihnen einen erfolgreichen Start in den Oktober und freuen uns, Sie am 06.11.2025 im AAL begrüssen zu dürfen.</p>
<p>Bis auf bald und bleiben Sie gesund.</p>
</div>
</td>
</tr>
<tr>
<td><strong>Anhänge:</strong></p>
<ul>
<li><a href="https://mein.fairgate.ch/spfz/files/filemanager/download/attachment/94ed6a41b9426f556bf0c6e1b5b11434" target="_blank" rel="noopener">Einladungsschreiben_31.-GV-2025_Final.pdf</a></li>
</ul>
<p><strong>Anmeldung</strong></p>
<ul>
<li><a href="https://eventfrog.ch/de/p/diverses/31-generalversammlung-des-spfz-7378433630752741051.html">Anmeldung GV SPFZ in Luzern</a></li>
</ul>
</td>
</tr>
<tr>
<td>Sicherheitspolitisches&nbsp;Forum Zentralschweiz (SPFZ)</p>
<p>Martin Zemp, Präsident</td>
</tr>
</tbody>
</table>

<p>Am 06. November findet zum Abschluss des Vereinsjahr 2025 die 31. Generalversammlung (GV) statt. Nach der GV wird uns der Chef der Armee, KKdt Thomas Süssli mit dem Referat &#8222;Glaubwürdig [&hellip;]</p>

Am 06. November findet zum Abschluss des Vereinsjahr 2025 die 31. Generalversammlung (GV) statt. Nach der GV wird uns der Chef der Armee, KKdt Thomas Süssli mit dem Referat &#8222;Glaubwürdig [&hellip;]
