{"id":1051,"date":"2024-10-24T12:48:26","date_gmt":"2024-10-24T11:48:26","guid":{"rendered":"https:\/\/spfz.ch\/?post_type=tribe_events&#038;p=1051"},"modified":"2024-10-24T12:54:18","modified_gmt":"2024-10-24T11:54:18","slug":"jubilaeums-generalversammlung-2024-des-spfz","status":"publish","type":"tribe_events","link":"https:\/\/spfz.ch\/?tribe_events=jubilaeums-generalversammlung-2024-des-spfz","title":{"rendered":"Jubil\u00e4ums-Generalversammlung 2024 des SPFZ"},"content":{"rendered":"<p>Sehr geehrte Damen und Herren, gesch\u00e4tzte Mitglieder des SPFZ<\/p>\n<p>Der Herbst neigt sich allm\u00e4hlich dem Ende entgegen, die Adventszeit r\u00fcckt immer n\u00e4her.<br \/>\nGerne hoffen wir, dass es Ihnen gut geht und Sie den Herbst etwas geniessen konnten. Wir<br \/>\nstehen vor unserem vierten Anlass im laufenden Vereinsjahr und laden Sie somit gem\u00e4ss Statuten zur 30. Generalversammlung des SPFZ ein.<\/p>\n<p>Ab 18.00 Uhr Eintreffen, Registrierung<br \/>\n18:30 Uhr Jubil\u00e4ums-Generalversammlung<br \/>\n1. Protokoll der 29. Generalversammlung<br \/>\n2. Jahresbericht 23\/24<br \/>\n3. Jahresrechnung 23\/24, Revisorenbericht, Abstimmung zur D\u00e9charge Vorstand<br \/>\n4. Jahresbudget 24\/25, Mitgliederbeitrag 24\/25, Abstimmung<br \/>\n5. Wahlen (Vorstand, Beirat, Rechnungsrevisoren)<br \/>\n6. Ausblick<br \/>\n7. Antr\u00e4ge \/ Verschiedenes<br \/>\nZum Jubil\u00e4um: Gedanken durch den Gr\u00fcndungspr\u00e4sident SPFZ,<br \/>\nAlt-NR Joseph Leu<\/p>\n<p>19.30 Uhr \u00d6ffentliches Referat \u00abKritische Infrastruktur Schienenverkehr &#8211; Bedeutung f\u00fcr die Wirtschaft und Gesellschaft\u00bb<br \/>\nHerr Matthias Jurt, Leiter Fachbereich Krisenmanagement bei<br \/>\nden Schweizerischen Bundesbahnen (SBB)<br \/>\n20.30 Uhr Offerierter Ap\u00e9ro<br \/>\nWir bitten Sie, allf\u00e4llige Antr\u00e4ge bis am Montag, 18. November 2024, schriftlich (E-Mail) beim Pr\u00e4sidenten<br \/>\neinzureichen (praesident@spfz.ch). Gerne bitten wir um eine Anmeldung, damit wir f\u00fcr<br \/>\nSie einen Platz sowie gen\u00fcgende Anzahl Ap\u00e9ro-H\u00e4ppchen bereitstellen k\u00f6nnen. Anmelden k\u00f6nnen<br \/>\nSie sich bis am 19. November 2024 via Homepage oder QR-Code. Parkpl\u00e4tze sind beim Bahnhof<br \/>\nLuzern vorhanden. Als Alternative bietet sich der \u00d6V direkt neben der Universit\u00e4t Luzern an.<br \/>\nWir freuen uns auf Ihre Anmeldung und w\u00fcnschen Ihnen eine gute Zeit.<\/p>\n<p>Sicherheitspolitisches Forum Zentralschweiz<br \/>\nMartin R. Zemp<br \/>\nPr\u00e4sident<\/p>\n<p><a href=\"https:\/\/spfz.ch\/wp-content\/uploads\/2024\/10\/Einladung-zur-Jubilaeums-Generalversammlung-2024-des-SPFZ.pdf\">Einladung zur Jubil\u00e4ums-Generalversammlung 2024 des SPFZ<\/a><\/p>\n<p>Anmeldung:<br \/>\n<a href=\"https:\/\/eventfrog.ch\/de\/p\/fuehrungen-vortraege\/vortrag\/jubilaeums-gv-spfz-referat-sicherheit-sbb-7254358289923700621.html\">https:\/\/eventfrog.ch\/de\/p\/fuehrungen-vortraege\/vortrag\/jubilaeums-gv-spfz-referat-sicherheit-sbb-7254358289923700621.html<\/a><\/p>\n","protected":false},"excerpt":{"rendered":"<p>Sehr geehrte Damen und Herren, gesch\u00e4tzte Mitglieder des SPFZ Der Herbst neigt sich allm\u00e4hlich dem Ende entgegen, die Adventszeit r\u00fcckt immer n\u00e4her. Gerne hoffen wir, dass es Ihnen gut geht [&hellip;]<\/p>\n","protected":false},"author":1,"featured_media":0,"template":"","meta":{"_uag_custom_page_level_css":"","ngg_post_thumbnail":0,"_price":"","_stock":"","_tribe_ticket_header":"","_tribe_default_ticket_provider":"","_ticket_start_date":"","_ticket_end_date":"","_tribe_ticket_show_description":"","_tribe_ticket_show_not_going":false,"_tribe_ticket_use_global_stock":"","_tribe_ticket_global_stock_level":"","_global_stock_mode":"","_global_stock_cap":"","_tribe_rsvp_for_event":"","_tribe_ticket_going_count":"","_tribe_ticket_not_going_count":"","_tribe_tickets_list":"[]","_tribe_ticket_has_attendee_info_fields":false,"_tribe_events_status":"","_tribe_events_status_reason":"","footnotes":"","_tec_slr_enabled":"","_tec_slr_layout":""},"tags":[],"tribe_events_cat":[],"class_list":["post-1051","tribe_events","type-tribe_events","status-publish","hentry"],"uagb_featured_image_src":{"full":false,"thumbnail":false,"medium":false,"medium_large":false,"large":false,"1536x1536":false,"2048x2048":false,"post-thumbnail":false},"uagb_author_info":{"display_name":"admin","author_link":"https:\/\/spfz.ch\/?author=1"},"uagb_comment_info":0,"uagb_excerpt":"Sehr geehrte Damen und Herren, gesch\u00e4tzte Mitglieder des SPFZ Der Herbst neigt sich allm\u00e4hlich dem Ende entgegen, die Adventszeit r\u00fcckt immer n\u00e4her. Gerne hoffen wir, dass es Ihnen gut geht [&hellip;]","ticketed":false,"_links":{"self":[{"href":"https:\/\/spfz.ch\/index.php?rest_route=\/wp\/v2\/tribe_events\/1051","targetHints":{"allow":["GET"]}}],"collection":[{"href":"https:\/\/spfz.ch\/index.php?rest_route=\/wp\/v2\/tribe_events"}],"about":[{"href":"https:\/\/spfz.ch\/index.php?rest_route=\/wp\/v2\/types\/tribe_events"}],"author":[{"embeddable":true,"href":"https:\/\/spfz.ch\/index.php?rest_route=\/wp\/v2\/users\/1"}],"version-history":[{"count":4,"href":"https:\/\/spfz.ch\/index.php?rest_route=\/wp\/v2\/tribe_events\/1051\/revisions"}],"predecessor-version":[{"id":1056,"href":"https:\/\/spfz.ch\/index.php?rest_route=\/wp\/v2\/tribe_events\/1051\/revisions\/1056"}],"wp:attachment":[{"href":"https:\/\/spfz.ch\/index.php?rest_route=%2Fwp%2Fv2%2Fmedia&parent=1051"}],"wp:term":[{"taxonomy":"post_tag","embeddable":true,"href":"https:\/\/spfz.ch\/index.php?rest_route=%2Fwp%2Fv2%2Ftags&post=1051"},{"taxonomy":"tribe_events_cat","embeddable":true,"href":"https:\/\/spfz.ch\/index.php?rest_route=%2Fwp%2Fv2%2Ftribe_events_cat&post=1051"}],"curies":[{"name":"wp","href":"https:\/\/api.w.org\/{rel}","templated":true}]}}

Jubiläums-Generalversammlung 2024 des SPFZ

<p>Sehr geehrte Damen und Herren, geschätzte Mitglieder des SPFZ</p>
<p>Der Herbst neigt sich allmählich dem Ende entgegen, die Adventszeit rückt immer näher.<br />
Gerne hoffen wir, dass es Ihnen gut geht und Sie den Herbst etwas geniessen konnten. Wir<br />
stehen vor unserem vierten Anlass im laufenden Vereinsjahr und laden Sie somit gemäss Statuten zur 30. Generalversammlung des SPFZ ein.</p>
<p>Ab 18.00 Uhr Eintreffen, Registrierung<br />
18:30 Uhr Jubiläums-Generalversammlung<br />
1. Protokoll der 29. Generalversammlung<br />
2. Jahresbericht 23/24<br />
3. Jahresrechnung 23/24, Revisorenbericht, Abstimmung zur Décharge Vorstand<br />
4. Jahresbudget 24/25, Mitgliederbeitrag 24/25, Abstimmung<br />
5. Wahlen (Vorstand, Beirat, Rechnungsrevisoren)<br />
6. Ausblick<br />
7. Anträge / Verschiedenes<br />
Zum Jubiläum: Gedanken durch den Gründungspräsident SPFZ,<br />
Alt-NR Joseph Leu</p>
<p>19.30 Uhr Öffentliches Referat «Kritische Infrastruktur Schienenverkehr &#8211; Bedeutung für die Wirtschaft und Gesellschaft»<br />
Herr Matthias Jurt, Leiter Fachbereich Krisenmanagement bei<br />
den Schweizerischen Bundesbahnen (SBB)<br />
20.30 Uhr Offerierter Apéro<br />
Wir bitten Sie, allfällige Anträge bis am Montag, 18. November 2024, schriftlich (E-Mail) beim Präsidenten<br />
einzureichen (praesident@spfz.ch). Gerne bitten wir um eine Anmeldung, damit wir für<br />
Sie einen Platz sowie genügende Anzahl Apéro-Häppchen bereitstellen können. Anmelden können<br />
Sie sich bis am 19. November 2024 via Homepage oder QR-Code. Parkplätze sind beim Bahnhof<br />
Luzern vorhanden. Als Alternative bietet sich der ÖV direkt neben der Universität Luzern an.<br />
Wir freuen uns auf Ihre Anmeldung und wünschen Ihnen eine gute Zeit.</p>
<p>Sicherheitspolitisches Forum Zentralschweiz<br />
Martin R. Zemp<br />
Präsident</p>
<p><a href="https://spfz.ch/wp-content/uploads/2024/10/Einladung-zur-Jubilaeums-Generalversammlung-2024-des-SPFZ.pdf">Einladung zur Jubiläums-Generalversammlung 2024 des SPFZ</a></p>
<p>Anmeldung:<br />
<a href="https://eventfrog.ch/de/p/fuehrungen-vortraege/vortrag/jubilaeums-gv-spfz-referat-sicherheit-sbb-7254358289923700621.html">https://eventfrog.ch/de/p/fuehrungen-vortraege/vortrag/jubilaeums-gv-spfz-referat-sicherheit-sbb-7254358289923700621.html</a></p>

<p>Sehr geehrte Damen und Herren, geschätzte Mitglieder des SPFZ Der Herbst neigt sich allmählich dem Ende entgegen, die Adventszeit rückt immer näher. Gerne hoffen wir, dass es Ihnen gut geht [&hellip;]</p>

Sehr geehrte Damen und Herren, geschätzte Mitglieder des SPFZ Der Herbst neigt sich allmählich dem Ende entgegen, die Adventszeit rückt immer näher. Gerne hoffen wir, dass es Ihnen gut geht [&hellip;]
