{"id":2,"date":"2020-12-18T10:07:46","date_gmt":"2020-12-18T10:07:46","guid":{"rendered":"https:\/\/spfz.ch\/?page_id=2"},"modified":"2026-04-14T15:49:03","modified_gmt":"2026-04-14T14:49:03","slug":"titelseite","status":"publish","type":"page","link":"https:\/\/spfz.ch\/","title":{"rendered":"Willkommen beim SPFZ"},"content":{"rendered":"\n<figure class=\"wp-block-image size-full\"><img fetchpriority=\"high\" decoding=\"async\" width=\"1000\" height=\"418\" src=\"https:\/\/spfz.ch\/wp-content\/uploads\/2021\/01\/Logo-finale-SPFZ_02_homepage.png\" alt=\"\" class=\"wp-image-284\" srcset=\"https:\/\/spfz.ch\/wp-content\/uploads\/2021\/01\/Logo-finale-SPFZ_02_homepage.png 1000w, https:\/\/spfz.ch\/wp-content\/uploads\/2021\/01\/Logo-finale-SPFZ_02_homepage-300x125.png 300w, https:\/\/spfz.ch\/wp-content\/uploads\/2021\/01\/Logo-finale-SPFZ_02_homepage-768x321.png 768w, https:\/\/spfz.ch\/wp-content\/uploads\/2021\/01\/Logo-finale-SPFZ_02_homepage-624x261.png 624w\" sizes=\"(max-width: 1000px) 100vw, 1000px\" \/><\/figure>\n\n\n\n<hr class=\"wp-block-separator has-css-opacity\"\/>\n\n\n\n<h2 class=\"wp-block-heading\">&nbsp;<\/h2>\n\n\n\n<p><strong>Eine glaubw\u00fcrdige Sicherheitspolitik f\u00fcr unser Land<\/strong><\/p>\n\n\n\n<p>Analysen und Diskussionen, Fragen und Antworten zu einem Thema, das uns alle ber\u00fchrt.<\/p>\n\n\n\n<p><strong>Ein Forum f\u00fcr Information und Diskussion<\/strong><\/p>\n\n\n\n<p>Der Name ist Programm. Das Forum will allen B\u00fcrgerinnen und B\u00fcrgern die M\u00f6glichkeit bieten, sich \u00fcber sicherheitspolitische Fragen zu informieren und dar\u00fcber zu diskutieren. Namhafte Referentinnen und Referenten aus dem In- und Ausland werden in \u00f6ffentlichen Veranstaltungen Rede und Antwort stehen. Kontradiktorische Gespr\u00e4che bereichern das Programm.<\/p>\n\n\n\n<figure class=\"wp-block-image size-full\"><img decoding=\"async\" width=\"1001\" height=\"153\" src=\"https:\/\/spfz.ch\/wp-content\/uploads\/2022\/10\/mitglieder.jpg\" alt=\"\" class=\"wp-image-735\" srcset=\"https:\/\/spfz.ch\/wp-content\/uploads\/2022\/10\/mitglieder.jpg 1001w, https:\/\/spfz.ch\/wp-content\/uploads\/2022\/10\/mitglieder-300x46.jpg 300w, https:\/\/spfz.ch\/wp-content\/uploads\/2022\/10\/mitglieder-768x117.jpg 768w, https:\/\/spfz.ch\/wp-content\/uploads\/2022\/10\/mitglieder-624x95.jpg 624w\" sizes=\"(max-width: 1001px) 100vw, 1001px\" \/><\/figure>\n\n\n\n<p class=\"has-medium-font-size\"><strong>Veranstaltungen<\/strong><\/p>\n\n\n\n<div class=\"wp-block-uagb-countdown uagb-block-99bc708c\"><div class=\"wp-block-uagb-countdown__box wp-block-uagb-countdown__box-days\"><div role=\"timer\" aria-live=\"polite\" class=\"wp-block-uagb-countdown__time wp-block-uagb-countdown__time-days\">&#8211;<\/div><div class=\"wp-block-uagb-countdown__label\">Tage bis zur n\u00e4chsten Veranstaltung<\/div><\/div><div class=\"wp-block-uagb-countdown__box wp-block-uagb-countdown__box-hours\"><div role=\"timer\" aria-live=\"polite\" class=\"wp-block-uagb-countdown__time wp-block-uagb-countdown__time-hours\">&#8211;<\/div><div class=\"wp-block-uagb-countdown__label\">HOURS<\/div><\/div><div class=\"wp-block-uagb-countdown__box wp-block-uagb-countdown__box-minutes\"><div role=\"timer\" aria-live=\"polite\" class=\"wp-block-uagb-countdown__time wp-block-uagb-countdown__time-minutes\">&#8211;<\/div><div class=\"wp-block-uagb-countdown__label\">MINUTES<\/div><\/div><div class=\"wp-block-uagb-countdown__box wp-block-uagb-countdown__box-seconds\"><div role=\"timer\" aria-live=\"polite\" class=\"wp-block-uagb-countdown__time wp-block-uagb-countdown__time-seconds\">&#8211;<\/div><div class=\"wp-block-uagb-countdown__label\">SECONDS<\/div><\/div><\/div>\n\n\n\n<p><\/p>\n\n\n\n<div class=\"wp-block-buttons is-layout-flex wp-block-buttons-is-layout-flex\">\n<div class=\"wp-block-button\"><a class=\"wp-block-button__link has-blue-color has-very-light-gray-to-cyan-bluish-gray-gradient-background has-text-color has-background has-link-color has-medium-font-size has-custom-font-size wp-element-button\" href=\"https:\/\/mein.fairgate.ch\/spfz\/my-events\/sommeranlass_spfz_2026\">Anmeldung Sommeranlass<\/a><\/div>\n<\/div>\n\n\n\n<p><\/p>\n\n\n\n<figure class=\"wp-block-table is-style-stripes\"><table class=\"has-fixed-layout\"><tbody><tr><td><\/td><td><\/td><td class=\"has-text-align-left\" data-align=\"left\"><\/td><td><\/td><td><\/td><\/tr><tr><td><strong>09.06.2026<\/strong><br>19:00 Uhr<\/td><td>Sommeranlass<\/td><td class=\"has-text-align-left\" data-align=\"left\">Zug<\/td><td><a href=\"https:\/\/spfz.ch\/wp-content\/uploads\/2026\/04\/Sommeranlass_SPFZ_2026_Anmeldung.pdf\">Bev\u00f6lkerungsschutz im bewaffneten Konflikt (Vizedirektor BABS)<\/a><\/td><td><\/td><\/tr><tr><td><strong>16.09.2026<\/strong><br>19:00 Uhr<\/td><td>Herbstanlass<\/td><td class=\"has-text-align-left\" data-align=\"left\">folgt<\/td><td>folgt<\/td><td><\/td><\/tr><tr><td><strong>26.11.2026<\/strong><br>18:30 Uhr<\/td><td>GV<\/td><td class=\"has-text-align-left\" data-align=\"left\">folgt<\/td><td>folgt<\/td><td><\/td><\/tr><\/tbody><\/table><\/figure>\n\n\n\n<div class=\"wp-block-columns is-layout-flex wp-container-core-columns-is-layout-9d6595d7 wp-block-columns-is-layout-flex\">\n<div class=\"wp-block-column is-layout-flow wp-block-column-is-layout-flow\" style=\"flex-basis:100%\">\n<div class=\"wp-block-columns is-layout-flex wp-container-core-columns-is-layout-9d6595d7 wp-block-columns-is-layout-flex\">\n<div class=\"wp-block-column is-layout-flow wp-block-column-is-layout-flow\">\n<p><a href=\"https:\/\/mein.fairgate.ch\/spfz\/my-events\/sommeranlass_spfz_2026\" data-type=\"page\" data-id=\"169\" target=\"_blank\" rel=\"noreferrer noopener\">Anmeldungen f\u00fcr Anl\u00e4ssen SPFZ<\/a><\/p>\n<\/div>\n<\/div>\n<\/div>\n<\/div>\n\n\n\n<div class=\"wp-block-media-text alignwide is-stacked-on-mobile\" style=\"grid-template-columns:31% auto\"><figure class=\"wp-block-media-text__media\"><img decoding=\"async\" width=\"576\" height=\"1024\" src=\"https:\/\/spfz.ch\/wp-content\/uploads\/2026\/02\/ZOLL-576x1024.gif\" alt=\"\" class=\"wp-image-1310 size-full\" srcset=\"https:\/\/spfz.ch\/wp-content\/uploads\/2026\/02\/ZOLL-576x1024.gif 576w, https:\/\/spfz.ch\/wp-content\/uploads\/2026\/02\/ZOLL-169x300.gif 169w, https:\/\/spfz.ch\/wp-content\/uploads\/2026\/02\/ZOLL-768x1366.gif 768w, https:\/\/spfz.ch\/wp-content\/uploads\/2026\/02\/ZOLL-864x1536.gif 864w, https:\/\/spfz.ch\/wp-content\/uploads\/2026\/02\/ZOLL-1152x2048.gif 1152w, https:\/\/spfz.ch\/wp-content\/uploads\/2026\/02\/ZOLL-624x1110.gif 624w\" sizes=\"(max-width: 576px) 100vw, 576px\" \/><\/figure><div class=\"wp-block-media-text__content\">\n<div class=\"wp-block-group\"><div class=\"wp-block-group__inner-container is-layout-flow wp-block-group-is-layout-flow\">\n<p><strong>Aktuelle Beitr\u00e4ge<\/strong><\/p>\n\n\n<ul class=\"wp-block-latest-posts__list wp-block-latest-posts\"><li><a class=\"wp-block-latest-posts__post-title\" href=\"https:\/\/spfz.ch\/?p=1278\">Herbstveranstaltung Sicherheitspolitisches Forum Zentralschweiz vom 15. September 2025 mit Prof. Dr. J\u00e9r\u00f4me Endrass<\/a><\/li>\n<li><a class=\"wp-block-latest-posts__post-title\" href=\"https:\/\/spfz.ch\/?p=1200\">Zukunft Maghreb \u2013 Zukunft Europa<\/a><\/li>\n<li><a class=\"wp-block-latest-posts__post-title\" href=\"https:\/\/spfz.ch\/?p=1184\">Bericht Startanlass SPFZ mit Dr. Markus M\u00e4der, Staatssekretariat f\u00fcr Sicherheitspolitik (SEPOS) \u2013 \u00dcberlegungen zur Sicherheitspolitik in der Schweiz<\/a><\/li>\n<li><a class=\"wp-block-latest-posts__post-title\" href=\"https:\/\/spfz.ch\/?p=1025\">Referat \u00abGeopolitische Machtverschiebung indopazifischer Raum\u00bb<\/a><\/li>\n<li><a class=\"wp-block-latest-posts__post-title\" href=\"https:\/\/spfz.ch\/?p=997\">SPFZ Sommeranlass: \u00abDie Achse des Widerstands\u00bb<\/a><\/li>\n<\/ul><\/div><\/div>\n<\/div><\/div>\n\n\n\n<p><a href=\"https:\/\/spfz.ch\/?post_type=tribe_events\">Link zu den Veranstaltungen<\/a><\/p>\n\n\n\n<p><\/p>\n","protected":false},"excerpt":{"rendered":"<p>&nbsp; Eine glaubw\u00fcrdige Sicherheitspolitik f\u00fcr unser Land Analysen und Diskussionen, Fragen und Antworten zu einem Thema, das uns alle ber\u00fchrt. Ein Forum f\u00fcr Information und Diskussion Der Name ist Programm. [&hellip;]<\/p>\n","protected":false},"author":1,"featured_media":0,"parent":0,"menu_order":0,"comment_status":"closed","ping_status":"closed","template":"page-templates\/front-page.php","meta":{"_uag_custom_page_level_css":"","ngg_post_thumbnail":0,"_price":"","_stock":"","_tribe_ticket_header":"","_tribe_default_ticket_provider":"","_ticket_start_date":"","_ticket_end_date":"","_tribe_ticket_show_description":"","_tribe_ticket_show_not_going":false,"_tribe_ticket_use_global_stock":"","_tribe_ticket_global_stock_level":"","_global_stock_mode":"","_global_stock_cap":"","_tribe_rsvp_for_event":"","_tribe_ticket_going_count":"","_tribe_ticket_not_going_count":"","_tribe_tickets_list":"[]","_tribe_ticket_has_attendee_info_fields":false,"footnotes":"","_tec_slr_enabled":"","_tec_slr_layout":""},"class_list":["post-2","page","type-page","status-publish","hentry"],"uagb_featured_image_src":{"full":false,"thumbnail":false,"medium":false,"medium_large":false,"large":false,"1536x1536":false,"2048x2048":false,"post-thumbnail":false},"uagb_author_info":{"display_name":"admin","author_link":"https:\/\/spfz.ch\/?author=1"},"uagb_comment_info":0,"uagb_excerpt":"&nbsp; Eine glaubw\u00fcrdige Sicherheitspolitik f\u00fcr unser Land Analysen und Diskussionen, Fragen und Antworten zu einem Thema, das uns alle ber\u00fchrt. Ein Forum f\u00fcr Information und Diskussion Der Name ist Programm. [&hellip;]","ticketed":false,"_links":{"self":[{"href":"https:\/\/spfz.ch\/index.php?rest_route=\/wp\/v2\/pages\/2","targetHints":{"allow":["GET"]}}],"collection":[{"href":"https:\/\/spfz.ch\/index.php?rest_route=\/wp\/v2\/pages"}],"about":[{"href":"https:\/\/spfz.ch\/index.php?rest_route=\/wp\/v2\/types\/page"}],"author":[{"embeddable":true,"href":"https:\/\/spfz.ch\/index.php?rest_route=\/wp\/v2\/users\/1"}],"replies":[{"embeddable":true,"href":"https:\/\/spfz.ch\/index.php?rest_route=%2Fwp%2Fv2%2Fcomments&post=2"}],"version-history":[{"count":143,"href":"https:\/\/spfz.ch\/index.php?rest_route=\/wp\/v2\/pages\/2\/revisions"}],"predecessor-version":[{"id":1359,"href":"https:\/\/spfz.ch\/index.php?rest_route=\/wp\/v2\/pages\/2\/revisions\/1359"}],"wp:attachment":[{"href":"https:\/\/spfz.ch\/index.php?rest_route=%2Fwp%2Fv2%2Fmedia&parent=2"}],"curies":[{"name":"wp","href":"https:\/\/api.w.org\/{rel}","templated":true}]}}